Suppose -3*i + z + 538 = 5*h, -5*h = 5*i - 1360. Is h a prime number?
False
Let r = -248 + 439. Is r composite?
False
Is 0 + (1 + -2)*-71 prime?
True
Let g = 579 + -102. Suppose -2*n - n + g = 0. Is n prime?
False
Let m(x) = -5*x**3 + 2*x**2 - x. Let c be m(-2). Suppose -r + 0*g + c = 3*g, 0 = r + 5*g - 58. Is r a composite number?
True
Let r = 4 + 1. Suppose -r*j + 2*k = -100, 2*j + 4*k = 31 + 33. Is j a prime number?
False
Let o be (-60)/(-16) + (-1)/(-4). Suppose 3*b + 9 = -3, 5*w - 89 = -o*b. Suppose 2*j - 1 = w. Is j composite?
False
Suppose -3*g + 2347 = -2144. Is g composite?
True
Let r(o) be the first derivative of -o**7/840 - o**6/360 - o**5/120 + 29*o**4/12 - o**3 + 4. Let p(f) be the third derivative of r(f). Is p(0) composite?
True
Is (1/2)/((-5)/(-710)) a prime number?
True
Let c = -15 - -20. Suppose -c*n + 2682 = -23. Is n a composite number?
False
Let n be 0 + (1/(-1) - -4). Suppose n*s - 3*h = -33, 0 = -s + 3*h + h - 26. Let r(f) = -2*f + 7. Is r(s) prime?
True
Suppose -4*a - 4 = 0, 3*o = -a + 159 + 2129. Is o a prime number?
False
Suppose 2*u + 4 + 2 = 0, 5*y - 2*u - 14321 = 0. Is y prime?
False
Suppose -3*f + 6*f = 6. Suppose 0 = z + 2*i - 56 - 5, -f*i = 3*z - 167. Is z a prime number?
True
Suppose -2*j = -3*s - 6 + 2, 0 = -4*j + s + 18. Let i(m) = -4*m**3 + j*m**3 + 4*m + 1 - 4*m**2 - 7. Is i(4) composite?
True
Let z = -13 + 13. Let d = 22 + 1. Let b = d + z. Is b a composite number?
False
Let q = -35 - -73. Is q + (0 - 3) + -2 a prime number?
False
Let b = -23 - -404. Is b a prime number?
False
Is 15/10 + 7701/6 prime?
False
Let n(h) = h - 2. Let f be n(5). Suppose 2*s + 45 = -f*s - 5*j, s - 2*j = 0. Is (6/s)/(2/(-158)) composite?
False
Suppose 4*p = 12, -p = 2*v + 2*p - 3. Let f = 13 + v. Is f composite?
True
Let w be 1*(0/(-2) + 2). Suppose 0 = 3*z + 4*x - 9, -4 = w*z + x - 10. Suppose -z*o = b - 28 - 1, o - 2 = 0. Is b prime?
True
Suppose 2*h + 4*r - 486 = 0, 4 = 3*r - 2*r. Is h a prime number?
False
Is (2 - 5) + (-7)/(35/(-1060)) prime?
False
Suppose 0 = 4*o + 2*o - 18024. Suppose -2*p - 2*p = -o. Is p composite?
False
Let t(s) = -s**2 - s - 125. Let f(n) = 6*n**2 + 6*n + 624. Let j(x) = -2*f(x) - 11*t(x). Is j(0) composite?
False
Is ((1 - 0)*-5)/((-7)/1883) prime?
False
Let p be 0 + (-1 - 0) - 92. Let s be (p/9)/((-1)/6). Let n = 151 - s. Is n prime?
True
Let c(v) = 35*v**2 + v + 2. Let r be c(-2). Suppose 0 = -7*n + 3*n + r. Is n a composite number?
True
Let s = -408 + 239. Let d = s - -238. Is d prime?
False
Is 2 - (-85 - (3 - 1)) a composite number?
False
Let g be (4 + -2)*-1 + 0. Let d(n) = 35*n**2 - n + 2. Let y be d(g). Suppose 3*f + 24 = 4*p - 3*p, 4*f - y = -4*p. Is p a prime number?
False
Let s be (-2)/(-8) - (-21)/12. Let u be s/(2*-1) - 17. Let c = -7 - u. Is c a prime number?
True
Is ((1/(-2))/((-3)/(-108)))/(-2) prime?
False
Suppose 4*c = -3*h + 2033, -h + 319 = -4*c - 380. Is h a prime number?
True
Let t(d) = -49*d - 22. Is t(-9) composite?
False
Is (3/(-2))/((-63)/58002) a prime number?
True
Suppose 975 + 1466 = r. Is r a prime number?
True
Suppose -2*x = -0*x - 192. Suppose 74 = 5*n - 3*l - 53, -4*n = -l - x. Is n a prime number?
True
Suppose 5*n + 2 = -3. Is (6/4)/(n/(-2)) a composite number?
False
Suppose 0*v + 564 = 2*v. Suppose v = 3*l - 333. Is l a prime number?
False
Let q(g) = -g**3 + 7*g**2 + 9*g - 17. Is q(7) composite?
True
Let j be ((-10)/(-6))/(-5)*9. Let a(z) = -z**3 - 2*z**2 + 3*z + 2. Let h be a(j). Suppose -4*p - 163 = -3*s, -h*p + p = 5*s - 264. Is s prime?
True
Let g be 2 - 4/((-12)/9). Suppose -237 = -g*h + 2*h. Is h prime?
True
Suppose 4*v - 2*l + 4*l = 4036, -3*l = 0. Is v a composite number?
False
Suppose 4*u + 2 = 10. Let r(i) = 13*i**2 - 3*i + 1. Is r(u) prime?
True
Let p(h) = -h + 4. Let k be p(-3). Is (0 - k)*(0 + -1) a prime number?
True
Let u be 6/15 + (-2516)/(-10). Let y be (-2846)/(-6) + (-4)/(-6). Let c = y - u. Is c composite?
False
Let j = -29 + 88. Is j composite?
False
Let x(d) = -d**2 + 3. Let y be x(-3). Suppose -2*j = -4*t + j + 27, -14 = 2*t + 4*j. Is 70/t - (-2)/y prime?
True
Let w(n) = -5*n**3 - 4*n**2 + 1 + 6*n**2 - 3*n - 2. Is w(-3) a prime number?
False
Suppose -4*o + 20 = 5*d - d, 3*d = -2*o + 14. Suppose -2*p + 8 = -d. Suppose 2*c - 5*r + 55 = p*c, 0 = c - 4*r + 2. Is c prime?
False
Let f = 2 - -4. Suppose -4*l = -f*l + 74. Is l composite?
False
Let m(l) = l - 3. Let r be m(-6). Let j be (24/(-10))/(r/(-30)). Is (-15)/20 - 190/j composite?
False
Is 345/(-10)*92/(-6) prime?
False
Let p(i) = -34*i + 21. Let f be (-11 + 3)*2/1. Is p(f) a prime number?
False
Is (-1840)/(-7) + (-1)/(-7) a prime number?
True
Let w = 292 + -510. Is w/(-5) + (-3)/5 a prime number?
True
Let d(b) = 11*b - 14. Is d(12) composite?
True
Suppose 3*b - 225 - 428 = -5*n, -3*b = -5*n - 613. Suppose 5*m = -459 - b. Is m/2*(-3)/3 a prime number?
True
Let c(a) = 3*a**2 - 1. Let s be c(-1). Suppose o + b = s*o - 29, 4*b = -o + 9. Is o a prime number?
False
Let y(h) = -h**2 + 4*h + 4. Let j be y(5). Let a(d) = -1 - d**2 + d**2 + 2*d**2 - 132*d**3. Is a(j) a prime number?
False
Is (86*1)/(-10 - -12) composite?
False
Let g(o) be the second derivative of 5*o**4/6 - o**3/3 + 3*o**2/2 - o. Is g(3) composite?
True
Let i(g) = g**3 + 5*g**2 + 2*g - 3. Let c be i(-3). Let w = c + 77. Is w + 7 + 3 + -1 prime?
False
Let d = -23 - -7. Is (-8)/d + 289/2 prime?
False
Suppose -3396 = -8*h + 4*h. Is h a composite number?
True
Suppose 3*c - 1891 = -w + 136, -5*w + 3365 = 5*c. Is c a prime number?
True
Suppose 3*p - 90 = 4*w, -2*w + 5 = -1. Is p composite?
True
Suppose 5*w = 3*t + 9, 3*w - 1 = 5*t - 2. Suppose 2*x - 5 = -4*v + 23, 5*x + w*v = 56. Is 88/x - 5/(-25) composite?
True
Let v be (-2)/(-4)*(-36)/2. Let t(a) = 2*a**2 + 12*a - 5. Is t(v) prime?
False
Suppose -q + 2*q = 571. Is q a prime number?
True
Suppose -2*a - 1337 = -7*a - 4*h, -2*h = -3*a + 811. Is a prime?
True
Suppose 10*j = 5*j + 200. Suppose -101 - 82 = x. Let p = j - x. Is p composite?
False
Is (-1700)/(-12) - (-10)/(-15) prime?
False
Suppose 2*f - 5*g - 2070 - 648 = 0, -3*f + 4123 = 4*g. Is f prime?
False
Let a be ((-2)/4 - 0)*-28. Suppose -5*c + 15 = 0, -k + 3*k = -2*c + 190. Suppose -a = 3*j - k. Is j a composite number?
True
Let i(w) = 5*w**2 - 4*w + 19. Is i(8) prime?
True
Suppose -i + 250 = 2*s, 2*s + 5 = 1. Is i composite?
True
Let v(t) = -7 + 2*t - 4*t - 5. Let g be v(-12). Suppose -4*m = -0*m - g. Is m a prime number?
True
Let t be ((-5)/(-2))/(1/6). Suppose 0 = -4*y - r + 12, -y - t = -6*y - 2*r. Is y/12 - (-150)/8 composite?
False
Suppose 0 = 5*n + 422 - 3322. Suppose 3*c + 91 = n. Is c composite?
False
Suppose -4*f + 6667 = -1177. Is f prime?
False
Suppose 3*f - 5*c = 16, 0*f + f - 4*c - 3 = 0. Let h(g) = -g**3 + 9*g**2 - 2*g - 7. Is h(f) composite?
True
Let o = 214 + 12. Is o prime?
False
Let u(q) = q**3 + 9*q**2 + 4*q - 1. Let z = 20 + -28. Let k = z - -2. Is u(k) a composite number?
False
Is 5346/4 - -3*2/12 prime?
False
Let f = -7 - -5. Is -2 + 1 - (f + -328) a prime number?
False
Let p = 203 - -86. Suppose 3*v - 5*g - 202 = 0, -2*g + 43 - p = -4*v. Is v composite?
False
Let w = 5 - 5. Suppose 7*v - 16 = 3*v. Suppose u = -3*r + r + 83, w = u - v*r - 101. Is u prime?
True
Suppose 5070 = 2*w - 4*f, 6985 = 2*w - f + 1903. Let u = w - 1654. Is u prime?
False
Let i = -13 + 18. Let z(h) = h**3 - 3*h**2 - 6*h + 2. Is z(i) prime?
False
Let u(a) = -7*a - 4. Let h be u(-3). Let x = h + 18. Is x prime?
False
Let o be 116 + (2 + -4 - -2). Suppose -3*c - 4*l = -381, -c + 0*c - 5*l + o = 0. Is c prime?
True
Is (80 - 6)*(-3)/(-6) prime?
True
Let v = 147 + -14. Suppose 4*y = 3*j - 373, 0 = j - 0*y + 3*y - v. Is j prime?
True
Suppose 2*w + 2*a - 22 = -a, -2*w = 5*a - 30. Let p = w + 9. Is p a composite number?
True
Let k(a) = a + 7. Let v be k(-7). Suppose v = 2*m - m - 253. Is m prime?
False
Let l(g) = g**3 + 11*g**2 + 7*g + 4. Let i be l(-10). Suppose 3*d + 4 = i. Is d prime?
False
Let x be (-2)/(-5) - (-184)/40. Suppose 202 + 353 = x*r. Is r composite?
True
Let i = -790 - -1669. Suppose 2*r - i = -r. Is r a composite number?
False
Let t(b) = -34*b**2 + 3*b - 1. Let p be t(2). Is -2 + 2 + (0 - p) prime?
True
Let c = -19 - -28. Let b be (-5)/(-3) + 3/c. Suppose -2*g - 3*p = b*g - 146, 0 = 2*p - 4. Is g a composite number?
True
Suppose n + s